st the prime factors of 5873.
7, 839
List the prime factors of 3291.
3, 1097
What are the prime factors of 10697?
19, 563
List the prime factors of 5544.
2, 3, 7, 11
What are the prime factors of 1229?
1229
List the prime factors of 41131.
41131
List the prime factors of 1730.
2, 5, 173
What are the prime factors of 2106?
2, 3, 13
What are the prime factors of 9081?
3, 1009
List the prime factors of 331.
331
List the prime factors of 8146.
2, 4073
List the prime factors of 1642.
2, 821
What are the prime factors of 4785?
3, 5, 11, 29
What are the prime factors of 173627?
23, 7549
List the prime factors of 6696.
2, 3, 31
What are the prime factors of 4741?
11, 431
What are the prime factors of 93319?
93319
List the prime factors of 9405.
3, 5, 11, 19
List the prime factors of 18831.
3, 6277
What are the prime factors of 1366?
2, 683
What are the prime factors of 14633?
14633
What are the prime factors of 3803?
3803
List the prime factors of 9787.
9787
List the prime factors of 12509.
7, 1787
List the prime factors of 128782.
2, 19, 3389
What are the prime factors of 6695?
5, 13, 103
What are the prime factors of 67992?
2, 3, 2833
What are the prime factors of 8791?
59, 149
What are the prime factors of 725?
5, 29
List the prime factors of 33424.
2, 2089
List the prime factors of 1233.
3, 137
What are the prime factors of 5842?
2, 23, 127
What are the prime factors of 2091?
3, 17, 41
What are the prime factors of 9901?
9901
What are the prime factors of 27675?
3, 5, 41
What are the prime factors of 15?
3, 5
List the prime factors of 30125.
5, 241
What are the prime factors of 97532?
2, 37, 659
List the prime factors of 2483.
13, 191
What are the prime factors of 122443?
122443
List the prime factors of 1847.
1847
List the prime factors of 17407.
13, 103
What are the prime factors of 89190?
2, 3, 5, 991
What are the prime factors of 19797?
3, 6599
List the prime factors of 646.
2, 17, 19
List the prime factors of 1270.
2, 5, 127
List the prime factors of 8914.
2, 4457
List the prime factors of 2946.
2, 3, 491
What are the prime factors of 1446?
2, 3, 241
What are the prime factors of 1516?
2, 379
What are the prime factors of 134930?
2, 5, 103, 131
What are the prime factors of 1519?
7, 31
What are the prime factors of 1497?
3, 499
List the prime factors of 344.
2, 43
What are the prime factors of 100?
2, 5
What are the prime factors of 14090?
2, 5, 1409
What are the prime factors of 68?
2, 17
List the prime factors of 10388.
2, 7, 53
List the prime factors of 7561.
7561
What are the prime factors of 2785?
5, 557
What are the prime factors of 6517?
7, 19
What are the prime factors of 60107?
60107
List the prime factors of 56325.
3, 5, 751
What are the prime factors of 21815?
5, 4363
List the prime factors of 51921.
3, 641
What are the prime factors of 15?
3, 5
What are the prime factors of 272?
2, 17
List the prime factors of 4251.
3, 13, 109
List the prime factors of 15476.
2, 53, 73
List the prime factors of 18715.
5, 19, 197
What are the prime factors of 1667?
1667
List the prime factors of 1876.
2, 7, 67
List the prime factors of 24933.
3, 8311
What are the prime factors of 2093?
7, 13, 23
What are the prime factors of 2470?
2, 5, 13, 19
What are the prime factors of 1345?
5, 269
What are the prime factors of 49?
7
What are the prime factors of 19086?
2, 3, 3181
List the prime factors of 21290.
2, 5, 2129
What are the prime factors of 150200?
2, 5, 751
What are the prime factors of 27292?
2, 6823
List the prime factors of 10569.
3, 13, 271
List the prime factors of 1414.
2, 7, 101
What are the prime factors of 3395?
5, 7, 97
What are the prime factors of 571?
571
List the prime factors of 10412.
2, 19, 137
What are the prime factors of 6156?
2, 3, 19
List the prime factors of 33002.
2, 29, 569
List the prime factors of 225.
3, 5
What are the prime factors of 48517?
7, 29, 239
List the prime factors of 12928.
2, 101
What are the prime factors of 2926?
2, 7, 11, 19
What are the prime factors of 10949?
10949
List the prime factors of 1439.
1439
What are the prime factors of 4776?
2, 3, 199
What are the prime factors of 2311?
2311
List the prime factors of 220.
2, 5, 11
List the prime factors of 74782.
2, 139, 269
List the prime factors of 33360.
2, 3, 5, 139
List the prime factors of 29013.
3, 19, 509
List the prime factors of 64.
2
List the prime factors of 45567.
3, 61, 83
What are the prime factors of 219?
3, 73
What are the prime factors of 8247?
3, 2749
What are the prime factors of 26868?
2, 3, 2239
What are the prime factors of 20188?
2, 7, 103
List the prime factors of 15458.
2, 59, 131
What are the prime factors of 11567?
43, 269
List the prime factors of 9071.
47, 193
What are the prime factors of 5975?
5, 239
List the prime factors of 214.
2, 107
What are the prime factors of 88147?
181, 487
List the prime factors of 8542.
2, 4271
What are the prime factors of 3144?
2, 3, 131
List the prime factors of 17468.
2, 11, 397
List the prime factors of 21269.
21269
List the prime factors of 100669.
100669
What are the prime factors of 836?
2, 11, 19
What are the prime factors of 578?
2, 17
List the prime factors of 80.
2, 5
List the prime factors of 11980.
2, 5, 599
What are the prime factors of 19591?
11, 13, 137
What are the prime factors of 71724?
2, 3, 43, 139
List the prime factors of 439.
439
List the prime factors of 18575.
5, 743
What are the prime factors of 2884?
2, 7, 103
List the prime factors of 18272.
2, 571
List the prime factors of 3717.
3, 7, 59
What are the prime factors of 75178?
2, 37589
List the prime factors of 21187.
21187
What are the prime factors of 43555?
5, 31, 281
What are the prime factors of 765?
3, 5, 17
List the prime factors of 4538.
2, 2269
What are the prime factors of 19127?
31, 617
What are the prime factors of 3515?
5, 19, 37
List the prime factors of 3931.
3931
What are the prime factors of 55126?
2, 43, 641
List the prime factors of 64090.
2, 5, 13, 17, 29
List the prime factors of 1920.
2, 3, 5
List the prime factors of 4438.
2, 7, 317
What are the prime factors of 552?
2, 3, 23
What are the prime factors of 59?
59
List the prime factors of 2796.
2, 3, 233
What are the prime factors of 16500?
2, 3, 5, 11
What are the prime factors of 1810?
2, 5, 181
List the prime factors of 2948.
2, 11, 67
List the prime factors of 149350.
2, 5, 29, 103
What are the prime factors of 6314?
2, 7, 11, 41
List the prime factors of 11412.
2, 3, 317
What are the prime factors of 58305?
3, 5, 13, 23
What are the prime factors of 669?
3, 223
What are the prime factors of 637?
7, 13
List the prime factors of 50038.
2, 127, 197
List the prime factors of 3892.
2, 7, 139
List the prime factors of 203429.
203429
What are the prime factors of 1127?
7, 23
What are the prime factors of 5591?
5591
List the prime factors of 5370.
2, 3, 5, 179
What are the prime factors of 57766?
2, 17, 1699
What are the prime factors of 332?
2, 83
List the prime factors of 1320.
2, 3, 5, 11
List the prime factors of 12360.
2, 3, 5, 103
What are the prime factors of 911?
911
What are the prime factors of 875?
5, 7
List the prime factors of 16007.
16007
List the prime factors of 4173.
3, 13, 107
What are the prime factors of 20680?
2, 5, 11, 47
What are the prime factors of 1563?
3, 521
What are the prime factors of 336?
2, 3, 7
List the prime factors of 66207.
3, 29, 761
List the prime factors of 3397.
43, 79
List the prime factors of 7649.
7649
List the prime factors of 1044.
2, 3, 29
What are the prime factors of 17856?
2, 3, 31
What are the prime factors of 488?
2, 61
List the prime factors of 57579.
3, 17, 1129
List the prime factors of 2877.
3, 7, 137
List the prime factors of 1432.
2, 179
What are the prime factors of 30905?
5, 7, 883
List the prime factors of 2193.
3, 17, 43
List the prime factors of 149955.
3, 5, 13, 769
List the prime factors of 124223.
11, 23, 491
What are the prime factors of 1176?
2, 3, 7
List the prime factors of 6572.
2, 31, 53
What are the prime factors of 9372?
2, 3, 11, 71
What are the prime factors of 22111?
22111
What are the prime factors of 1699?
1699
What are the prime factors of 440?
2, 5, 11
What are the prime factors of 11047?
11047
What are the prime factors of 1332?
2, 3, 37
List the prime factors of 333